{"id":6716,"date":"2018-04-15T10:25:10","date_gmt":"2018-04-15T08:25:10","guid":{"rendered":"https:\/\/www.cursal.com\/?page_id=6716"},"modified":"2024-02-08T15:20:10","modified_gmt":"2024-02-08T14:20:10","slug":"service-2","status":"publish","type":"page","link":"https:\/\/www.cursal.com\/?page_id=6716&lang=de","title":{"rendered":"SERVICE"},"content":{"rendered":"<p><strong><img loading=\"lazy\" decoding=\"async\" class=\"size-full wp-image-2149 alignleft\" src=\"https:\/\/www.cursal.com\/wp-content\/uploads\/2014\/03\/consulenza.jpg\" alt=\"consulenza\" width=\"200\" height=\"200\" \/>BERATUNG VOR DEM VERKAUF\/DEMO<br \/>\n<\/strong>Das technische Verkaufspersonal von <strong>Cursa<\/strong>l, das seit Jahrzehnten in der Branche t\u00e4tig ist, unterst\u00fctzt Ihre Projekte, indem es die <strong>optimalen Konfigurationen<\/strong> f\u00fcr Ihre <strong>Produktionsrealit\u00e4t<\/strong> vorschl\u00e4gt. W\u00e4hrend der Verhandlungsphasen pr\u00fcfen wir, falls notwendig und erforderlich, die <strong>Durchf\u00fchrbarkeit der Arbeiten<\/strong> anhand von Tests, die an Musterplatten oder an von Kunden gesendeten Profilen durchgef\u00fchrt wurden.<\/p>\n<p>Die Tests werden durch<strong>Fotos, Videos und detaillierten Cursal-Analysen<\/strong>in Zusammenarbeit mit dem Kunden dokumentiert.<\/p>\n<p>&nbsp;<\/p>\n<p>&nbsp;<\/p>\n<p><strong> <img loading=\"lazy\" decoding=\"async\" class=\"size-full wp-image-2157 alignleft\" src=\"https:\/\/www.cursal.com\/wp-content\/uploads\/2014\/03\/training2.jpg\" alt=\"training2\" width=\"200\" height=\"200\" \/>TRAINING<br \/>\n<\/strong>Die spezialisierten Techniker von <strong>Cursal f\u00fchren kundenbezogene Schulungen<\/strong> durch, die auf den spezifischen Anforderungen und der Komplexit\u00e4t der erworbenen Anlagen basieren.<\/p>\n<p>Schulungen sind wichtig f\u00fcr unser gesamtes Vertriebsnetz, deshalb werden<strong>Schulungen vor Ort oder bei Cursal<\/strong>abgehalten.<\/p>\n<p>&nbsp;<\/p>\n<p>&nbsp;<\/p>\n<p>&nbsp;<\/p>\n<p><strong><img loading=\"lazy\" decoding=\"async\" class=\"size-full wp-image-2150 alignleft\" src=\"https:\/\/www.cursal.com\/wp-content\/uploads\/2014\/03\/installazione.jpg\" alt=\"installazione\" width=\"200\" height=\"200\" \/>INSTALLATION UND INBETRIEBNAHME<br \/>\n<\/strong><\/p>\n<p>Cursal bietet dank eines Teams <strong>von erfahrenen und geschulten Technikern<\/strong> ein Installationsservice f\u00fcr seine Anlagen auf der ganzen Welt an.<\/p>\n<p>Die Installation besteht neben der Montage der Maschine aus <strong>der Einstellung der optimalen Maschinenparameter f\u00fcr Produktion<\/strong>, Inbetriebnahmen, Software-Schulungsunterst\u00fctzung und Verarbeitungstests direkt an der Maschine, Lieferung von Inbetriebnahme- und Wartungshandb\u00fcchern. Selbstverst\u00e4ndlich stehen Ihnen unsere Mitarbeiter f\u00fcr technische Fragen auch nach der Inbetriebnahme immer zur Verf\u00fcgung.<\/p>\n<p>&nbsp;<\/p>\n<p><strong><img loading=\"lazy\" decoding=\"async\" class=\"size-full wp-image-2152 alignleft\" src=\"https:\/\/www.cursal.com\/wp-content\/uploads\/2014\/03\/assistenza1.jpg\" alt=\"assistenza\" width=\"200\" height=\"200\" \/>KUNDENDIENST<br \/>\n<\/strong>Ein qualifizierter, <strong>professioneller und multilevel<\/strong> Kundendienst ist verf\u00fcgbar.<\/p>\n<ul>\n<li><strong> FERNWARTUNG<\/strong><br \/>\n\u00dcber ein fortschrittliches \u00dcberwachungssystem kommunizieren wir in Echtzeit mit dem CN der Maschine, um Fehler und <strong>Diagnosemeldungen zu identifizieren<\/strong> und <strong>Hardware- oder Softwarefehler<\/strong> zu beheben. Dies spart Zeit und Kosten. Diese Dienstleistung kann <strong>durch Video\u00fcberwachung<\/strong> implementiert werden;<\/li>\n<\/ul>\n<p><strong>\u2022 <\/strong>Unterst\u00fctzung bei der L\u00f6sung von mechanischen, elektrischen, Software- und Programmierproblemen.<\/p>\n<p>&nbsp;<\/p>\n<p><strong><img loading=\"lazy\" decoding=\"async\" class=\"size-full wp-image-2208 alignleft\" src=\"https:\/\/www.cursal.com\/wp-content\/uploads\/2014\/03\/ricambi.jpg\" alt=\"ricambi\" width=\"200\" height=\"200\" \/>ERSATZTEILLIEFERUNG<br \/>\n<\/strong>Die Cursal-Ersatzteilabteilung k\u00fcmmert sich um den <strong>Kundendienst<\/strong> f\u00fcr Ersatzteile f\u00fcr Ihre Systeme.<\/p>\n<p>Wir garantieren <strong>P\u00fcnktlichkeit und Schnelligkeit<\/strong> bei der Bestellung von Ersatzteilen auf Lager.<\/p>\n<p>&nbsp;<\/p>\n<p>&nbsp;<\/p>\n<p>&nbsp;<\/p>\n<p><span style=\"font-weight: bold;\"><img loading=\"lazy\" decoding=\"async\" class=\"size-full wp-image-2151 alignleft\" src=\"https:\/\/www.cursal.com\/wp-content\/uploads\/2014\/03\/training.jpg\" alt=\"training\" width=\"200\" height=\"200\" \/><\/span><\/p>\n<p><strong style=\"line-height: 1.5;\">RETROFIT \u2013 WARTUNG<br \/>\n<\/strong><strong>Cursal<\/strong>-Anlagen <strong>sind sehr langlebig<\/strong>. Aus diesem Grund arbeiten unsere Fachkr\u00e4fte h\u00e4ufig mit veralteten Systemen und <strong>bieten Beratung und operative Unterst\u00fctzung<\/strong>, um ihre Funktionalit\u00e4t optimal wiederherzustellen<\/p>\n","protected":false},"excerpt":{"rendered":"<p>BERATUNG VOR DEM VERKAUF\/DEMO Das technische Verkaufspersonal von Cursal, das seit Jahrzehnten in der Branche t\u00e4tig ist, unterst\u00fctzt Ihre Projekte, indem es die optimalen Konfigurationen f\u00fcr Ihre Produktionsrealit\u00e4t vorschl\u00e4gt. W\u00e4hrend der Verhandlungsphasen pr\u00fcfen wir, falls notwendig und erforderlich, die Durchf\u00fchrbarkeit der Arbeiten anhand von Tests, die an Musterplatten oder an von Kunden gesendeten Profilen durchgef\u00fchrt [&hellip;]<\/p>\n","protected":false},"author":2,"featured_media":0,"parent":0,"menu_order":0,"comment_status":"closed","ping_status":"closed","template":"","meta":{"footnotes":""},"class_list":["post-6716","page","type-page","status-publish","hentry"],"_links":{"self":[{"href":"https:\/\/www.cursal.com\/index.php?rest_route=\/wp\/v2\/pages\/6716","targetHints":{"allow":["GET"]}}],"collection":[{"href":"https:\/\/www.cursal.com\/index.php?rest_route=\/wp\/v2\/pages"}],"about":[{"href":"https:\/\/www.cursal.com\/index.php?rest_route=\/wp\/v2\/types\/page"}],"author":[{"embeddable":true,"href":"https:\/\/www.cursal.com\/index.php?rest_route=\/wp\/v2\/users\/2"}],"replies":[{"embeddable":true,"href":"https:\/\/www.cursal.com\/index.php?rest_route=%2Fwp%2Fv2%2Fcomments&post=6716"}],"version-history":[{"count":8,"href":"https:\/\/www.cursal.com\/index.php?rest_route=\/wp\/v2\/pages\/6716\/revisions"}],"predecessor-version":[{"id":26544,"href":"https:\/\/www.cursal.com\/index.php?rest_route=\/wp\/v2\/pages\/6716\/revisions\/26544"}],"wp:attachment":[{"href":"https:\/\/www.cursal.com\/index.php?rest_route=%2Fwp%2Fv2%2Fmedia&parent=6716"}],"curies":[{"name":"wp","href":"https:\/\/api.w.org\/{rel}","templated":true}]}}