{"id":64637,"date":"2024-02-08T16:33:32","date_gmt":"2024-02-08T15:33:32","guid":{"rendered":"https:\/\/www.cursal.com\/?page_id=64637"},"modified":"2026-02-11T18:29:37","modified_gmt":"2026-02-11T17:29:37","slug":"industry-4-0-2024","status":"publish","type":"page","link":"https:\/\/www.cursal.com\/?page_id=64637&lang=de","title":{"rendered":"STEUERLICHE ANREIZE F\u00dcR DEN KAUF VON MASCHINEN"},"content":{"rendered":"<div class='avia-image-container  av-styling-    avia-align-center '  itemprop=\"ImageObject\" itemscope=\"itemscope\" itemtype=\"https:\/\/schema.org\/ImageObject\"  ><div class='avia-image-container-inner'><div class='avia-image-overlay-wrap'><img class='avia_image ' src='https:\/\/www.cursal.com\/wp-content\/uploads\/2024\/12\/Cursal_industry_5.0.jpg' alt='' title='Cursal_industry_5.0' height=\"627\"width=\"1200\"  itemprop=\"thumbnailUrl\"  \/><\/div><\/div><\/div>\n<section class=\"av_textblock_section \"  itemscope=\"itemscope\" itemtype=\"https:\/\/schema.org\/CreativeWork\" ><div class='avia_textblock  '   itemprop=\"text\" ><h1 data-start=\"73\" data-end=\"125\">Sonderabschreibung (Hyperabschreibung) 2026\u20132028<\/h1>\n<h2 data-start=\"126\" data-end=\"196\">Steuerliche Anreize f\u00fcr Investitionen in Maschinen und Technologien<\/h2>\n<h2 data-start=\"198\" data-end=\"240\">Was ist die Hyperabschreibung 2026\u20132028<\/h2>\n<p data-start=\"242\" data-end=\"480\">Die Hyperabschreibung ist ein steuerlicher Anreiz, der mit dem <strong data-start=\"305\" data-end=\"351\">Haushaltsgesetz 2026 (Gesetz Nr. 199\/2025)<\/strong> eingef\u00fchrt wurde, um Investitionen von Unternehmen in neue, technologisch fortschrittliche und vernetzte Anlageg\u00fcter zu f\u00f6rdern.<\/p>\n<p data-start=\"482\" data-end=\"742\">Die Regelung erm\u00f6glicht eine Erh\u00f6hung des steuerlich anerkannten Anschaffungswerts des Wirtschaftsguts f\u00fcr Abschreibungszwecke. Dadurch k\u00f6nnen \u00fcber die Jahre h\u00f6here Abschreibungsbetr\u00e4ge steuerlich geltend gemacht und die Gesamtsteuerbelastung reduziert werden.<\/p>\n<p data-start=\"744\" data-end=\"921\">Es handelt sich <strong data-start=\"760\" data-end=\"796\">nicht um einen direkten Zuschuss<\/strong> und <strong data-start=\"801\" data-end=\"835\">nicht um eine Steuergutschrift<\/strong>, sondern um eine <strong data-start=\"853\" data-end=\"920\">steuerliche Erh\u00f6hung des Abschreibungswerts des Wirtschaftsguts<\/strong>.<\/p>\n<hr data-start=\"923\" data-end=\"926\" \/>\n<h2 data-start=\"928\" data-end=\"949\">Anwendungszeitraum<\/h2>\n<p data-start=\"951\" data-end=\"1017\">Die Hyperabschreibung gilt f\u00fcr Investitionen, die get\u00e4tigt werden:<\/p>\n<ul data-start=\"1019\" data-end=\"1076\">\n<li data-start=\"1019\" data-end=\"1043\">\n<p data-start=\"1021\" data-end=\"1043\">vom <strong data-start=\"1025\" data-end=\"1043\">1. Januar 2026<\/strong><\/p>\n<\/li>\n<li data-start=\"1044\" data-end=\"1076\">\n<p data-start=\"1046\" data-end=\"1076\">bis zum <strong data-start=\"1054\" data-end=\"1076\">30. September 2028<\/strong><\/p>\n<\/li>\n<\/ul>\n<p data-start=\"1078\" data-end=\"1235\">Ma\u00dfgeblich ist der Zeitpunkt der Durchf\u00fchrung der Investition nach den \u00fcblichen steuerlichen Regeln (zum Beispiel Lieferung oder Abschluss der Installation).<\/p>\n<hr data-start=\"1237\" data-end=\"1240\" \/>\n<h2 data-start=\"1242\" data-end=\"1266\">Erh\u00f6hungsprozents\u00e4tze<\/h2>\n<p data-start=\"1268\" data-end=\"1331\">Die steuerliche Erh\u00f6hung h\u00e4ngt vom Gesamtinvestitionsbetrag ab:<\/p>\n<ul data-start=\"1333\" data-end=\"1480\">\n<li data-start=\"1333\" data-end=\"1370\">\n<p data-start=\"1335\" data-end=\"1370\"><strong data-start=\"1335\" data-end=\"1345\">+180 %<\/strong> bis 2,5 Millionen Euro<\/p>\n<\/li>\n<li data-start=\"1371\" data-end=\"1426\">\n<p data-start=\"1373\" data-end=\"1426\"><strong data-start=\"1373\" data-end=\"1383\">+100 %<\/strong> \u00fcber 2,5 Millionen bis 10 Millionen Euro<\/p>\n<\/li>\n<li data-start=\"1427\" data-end=\"1480\">\n<p data-start=\"1429\" data-end=\"1480\"><strong data-start=\"1429\" data-end=\"1438\">+50 %<\/strong> \u00fcber 10 Millionen bis 20 Millionen Euro<\/p>\n<\/li>\n<\/ul>\n<hr data-start=\"1482\" data-end=\"1485\" \/>\n<h2 data-start=\"1487\" data-end=\"1519\">F\u00f6rderf\u00e4hige Wirtschaftsg\u00fcter<\/h2>\n<p data-start=\"1521\" data-end=\"1605\">F\u00f6rderf\u00e4hig sind neue Anlageg\u00fcter f\u00fcr Produktionsstandorte in Italien, insbesondere:<\/p>\n<ul data-start=\"1607\" data-end=\"1904\">\n<li data-start=\"1607\" data-end=\"1663\">\n<p data-start=\"1609\" data-end=\"1663\">Technologisch fortschrittliche Maschinen und Anlagen<\/p>\n<\/li>\n<li data-start=\"1664\" data-end=\"1706\">\n<p data-start=\"1666\" data-end=\"1706\">Digitale Systeme und Industriesoftware<\/p>\n<\/li>\n<li data-start=\"1707\" data-end=\"1800\">\n<p data-start=\"1709\" data-end=\"1800\">Technologien f\u00fcr Automatisierung, Vernetzung und Digitalisierung von Produktionsprozessen<\/p>\n<\/li>\n<li data-start=\"1801\" data-end=\"1904\">\n<p data-start=\"1803\" data-end=\"1904\">L\u00f6sungen im Bereich Energieeffizienz und technologischer Wandel (im Rahmen der gesetzlichen Vorgaben)<\/p>\n<\/li>\n<\/ul>\n<p data-start=\"1906\" data-end=\"2010\">Derzeit ist keine territoriale Beschr\u00e4nkung hinsichtlich des Herstellungsursprungs der G\u00fcter vorgesehen.<\/p>\n<hr data-start=\"2012\" data-end=\"2015\" \/>\n<h2 data-start=\"2017\" data-end=\"2049\">Wer kann die F\u00f6rderung nutzen<\/h2>\n<p data-start=\"2051\" data-end=\"2102\">Die F\u00f6rderung steht Unternehmen zur Verf\u00fcgung, die:<\/p>\n<ul data-start=\"2104\" data-end=\"2316\">\n<li data-start=\"2104\" data-end=\"2158\">\n<p data-start=\"2106\" data-end=\"2158\">Eink\u00fcnfte aus unternehmerischer T\u00e4tigkeit erzielen<\/p>\n<\/li>\n<li data-start=\"2159\" data-end=\"2253\">\n<p data-start=\"2161\" data-end=\"2253\">Sozialversicherungsbeitr\u00e4ge ordnungsgem\u00e4\u00df abf\u00fchren und Arbeitsschutzvorschriften einhalten<\/p>\n<\/li>\n<li data-start=\"2254\" data-end=\"2316\">\n<p data-start=\"2256\" data-end=\"2316\">Sich nicht in Liquidation oder Insolvenzverfahren befinden<\/p>\n<\/li>\n<\/ul>\n<hr data-start=\"2318\" data-end=\"2321\" \/>\n<h2 data-start=\"2323\" data-end=\"2354\">Funktionsweise in der Praxis<\/h2>\n<p data-start=\"2356\" data-end=\"2457\">Das Unternehmen erwirbt das f\u00f6rderf\u00e4hige Wirtschaftsgut und nimmt es in seinen Abschreibungsplan auf.<\/p>\n<p data-start=\"2459\" data-end=\"2616\">Durch die steuerliche Erh\u00f6hung steigt der abschreibungsf\u00e4hige Wert, sodass in den Folgejahren h\u00f6here Abschreibungsbetr\u00e4ge steuerlich abgesetzt werden k\u00f6nnen.<\/p>\n<hr data-start=\"2618\" data-end=\"2621\" \/>\n<h2 data-start=\"2623\" data-end=\"2654\">Aktueller Stand der Regelung<\/h2>\n<p data-start=\"2656\" data-end=\"2708\">Die Ma\u00dfnahme ist im Haushaltsgesetz 2026 vorgesehen.<\/p>\n<p data-start=\"2710\" data-end=\"2902\">Die detaillierten operativen Verfahren h\u00e4ngen von ministeriellen Durchf\u00fchrungsbestimmungen ab. Es wird daher empfohlen, die jeweils aktuelle Rechtslage zum Zeitpunkt der Investition zu pr\u00fcfen.<\/p>\n<hr data-start=\"2904\" data-end=\"2907\" \/>\n<h2 data-start=\"2909\" data-end=\"2953\">Zusammenhang mit fr\u00fcheren F\u00f6rderma\u00dfnahmen<\/h2>\n<p data-start=\"2955\" data-end=\"3166\">Investitionen, die bis zum 31. Dezember 2025 get\u00e4tigt wurden, k\u00f6nnen weiterhin unter die fr\u00fcheren Steuergutschrift-Systeme (Transition 4.0) fallen, sofern die damaligen gesetzlichen Voraussetzungen erf\u00fcllt sind.<\/p>\n<p data-start=\"3168\" data-end=\"3251\">Investitionen ab dem 1. Januar 2026 fallen unter das neue Hyperabschreibungsregime.<\/p>\n<hr data-start=\"3253\" data-end=\"3256\" \/>\n<h2 data-start=\"3258\" data-end=\"3279\">Haftungsausschluss<\/h2>\n<p data-start=\"3281\" data-end=\"3526\">Die bereitgestellten Informationen dienen nur zu allgemeinen Informationszwecken und ersetzen keine steuerliche Beratung.<br data-start=\"3402\" data-end=\"3405\" \/>Zur korrekten Bewertung der f\u00fcr Ihre Investition geltenden F\u00f6rderung wird empfohlen, Ihren Steuerberater zu konsultieren.<\/p>\n<\/div><\/section>\n","protected":false},"excerpt":{"rendered":"","protected":false},"author":2,"featured_media":68354,"parent":0,"menu_order":2,"comment_status":"closed","ping_status":"closed","template":"","meta":{"footnotes":""},"class_list":["post-64637","page","type-page","status-publish","has-post-thumbnail","hentry"],"_links":{"self":[{"href":"https:\/\/www.cursal.com\/index.php?rest_route=\/wp\/v2\/pages\/64637","targetHints":{"allow":["GET"]}}],"collection":[{"href":"https:\/\/www.cursal.com\/index.php?rest_route=\/wp\/v2\/pages"}],"about":[{"href":"https:\/\/www.cursal.com\/index.php?rest_route=\/wp\/v2\/types\/page"}],"author":[{"embeddable":true,"href":"https:\/\/www.cursal.com\/index.php?rest_route=\/wp\/v2\/users\/2"}],"replies":[{"embeddable":true,"href":"https:\/\/www.cursal.com\/index.php?rest_route=%2Fwp%2Fv2%2Fcomments&post=64637"}],"version-history":[{"count":4,"href":"https:\/\/www.cursal.com\/index.php?rest_route=\/wp\/v2\/pages\/64637\/revisions"}],"predecessor-version":[{"id":76016,"href":"https:\/\/www.cursal.com\/index.php?rest_route=\/wp\/v2\/pages\/64637\/revisions\/76016"}],"wp:featuredmedia":[{"embeddable":true,"href":"https:\/\/www.cursal.com\/index.php?rest_route=\/wp\/v2\/media\/68354"}],"wp:attachment":[{"href":"https:\/\/www.cursal.com\/index.php?rest_route=%2Fwp%2Fv2%2Fmedia&parent=64637"}],"curies":[{"name":"wp","href":"https:\/\/api.w.org\/{rel}","templated":true}]}}