{"id":59903,"date":"2015-07-22T17:09:02","date_gmt":"2015-07-22T15:09:02","guid":{"rendered":"https:\/\/www.cursal.com\/?page_id=59903"},"modified":"2024-10-10T08:55:45","modified_gmt":"2024-10-10T06:55:45","slug":"cookie","status":"publish","type":"page","link":"https:\/\/www.cursal.com\/?page_id=59903&lang=es","title":{"rendered":"Cookie"},"content":{"rendered":"<p><strong>Pol\u00edtica sobre el tratamiento de cookies conforme al Reglamento (UE) 2016\/679 (Reglamento General de Protecci\u00f3n de Datos; &#8220;GDPR&#8221;), al D. Lgs. 196\/2003 y sus modificaciones (C\u00f3digo en materia de protecci\u00f3n de datos personales), a la Directiva 2002\/58\/CE, a la Disposici\u00f3n del Garante para la protecci\u00f3n de datos personales (&#8220;Garante de Privacidad&#8221;) \u201cIdentificaci\u00f3n de los m\u00e9todos simplificados para la informaci\u00f3n y obtenci\u00f3n del consentimiento para el uso de cookies\u201d del 8 de mayo de 2014, as\u00ed como conforme a los posteriores \u201cAclaraciones sobre la implementaci\u00f3n de la normativa en materia de cookies\u201d del 5 de junio de 2015 y las \u201cDirectrices sobre cookies y otros mecanismos de seguimiento\u201d del 10 de junio de 2021, referentes a la informaci\u00f3n telem\u00e1tica y, en particular, a las cookies, de aqu\u00ed en adelante denominadas COOKIES.<\/strong><\/p>\n<p><strong>FINALIDAD Y MODALIDADES DEL TRATAMIENTO DE LAS COOKIES<\/strong><\/p>\n<p>Cursal S.r.l., con sede legal en Via Brandolini 38\/a &#8211; 31020 San Fior (TV), de ahora en adelante denominada CURSAL, proporciona la informaci\u00f3n sobre las cookies instaladas en su sitio web y sus respectivas extensiones, todos denominados en adelante SITIO, y procede a tratar los datos proporcionados por el usuario\/cliente agente mediante medios electr\u00f3nicos, inform\u00e1ticos o automatizados, de manera autom\u00e1tica y\/o manual, con el \u00fanico fin de posibilitar la prestaci\u00f3n de sus servicios y cumplir con los requisitos de uso de sus productos, servicios y soluciones ofrecidas al usuario\/cliente agente en el SITIO, respetando la legislaci\u00f3n fiscal de la Rep\u00fablica Italiana y la normativa de privacidad.<br \/>\nEl tratamiento de los datos personales ser\u00e1 realizado por CURSAL conforme al Decreto Legislativo del 30 de junio de 2003, n. 196 &#8220;C\u00f3digo en materia de protecci\u00f3n de datos personales&#8221;, seg\u00fan las modalidades l\u00edcitas all\u00ed contenidas y conforme a las buenas pr\u00e1cticas de correcci\u00f3n y estricta confidencialidad.<\/p>\n<p><strong>DEFINICI\u00d3N DE COOKIE<\/strong><\/p>\n<p>COOKIE es un t\u00e9rmino que identifica un archivo de texto que se puede almacenar en un dispositivo electr\u00f3nico, inform\u00e1tico o multimedia, donde se registran cadenas de c\u00f3digo que permiten rastrear y mejorar el rendimiento de los sitios web y\/o recibir informaci\u00f3n sobre los recorridos realizados por los usuarios\/clientes agentes cuando navegan dentro del SITIO.<br \/>\nPor usuarios\/clientes agentes se entiende aquellos que act\u00faan, navegan y se mueven de forma interactiva dentro del SITIO.<\/p>\n<p><strong>COOKIES PERMANENTES<\/strong><\/p>\n<p>No todas las COOKIES son permanentes, pero algunas son necesarias para cargar de manera m\u00e1s eficiente o r\u00e1pida aquellos datos que permiten una navegaci\u00f3n m\u00e1s segura, fluida y r\u00e1pida cuando se pretende utilizar el SITIO para acceder a un servicio, recibir informaci\u00f3n \u00fatil o soporte en l\u00ednea, o utilizar otras aplicaciones que faciliten el intercambio de informaci\u00f3n telem\u00e1tica para identificar y compartir datos con el usuario\/cliente agente, sin los cuales no ser\u00eda posible realizar las actividades normales solicitadas.<br \/>\nPor ejemplo, algunos permiten el reconocimiento autom\u00e1tico de contrase\u00f1as y\/o de los datos insertados en formularios de contacto y chat, otros conectan dispositivos evitando la necesidad de ingresar la misma informaci\u00f3n varias veces durante un proceso de registro o navegaci\u00f3n habitual.<br \/>\nOtros mantienen segura la contrase\u00f1a para el acceso y los servicios ofrecidos como soporte t\u00e9cnico dedicado a nuestros productos, servicios y soluciones en l\u00ednea, como formularios, tickets en l\u00ednea, asistencia t\u00e9cnica o videoconferencias, entre otros.<\/p>\n<p><strong>COOKIES VARIABLES<\/strong><\/p>\n<p>Con las COOKIES variables, es posible configurar las sesiones que se pueden eliminar al cerrar el navegador. Estas pueden tener una duraci\u00f3n limitada para permitir realizar actividades temporales en l\u00ednea, gestion\u00e1ndolas de manera adecuada y segura durante la apertura, cumplimentaci\u00f3n, env\u00edo o cualquier otra acci\u00f3n realizada por nuestros usuarios\/clientes agentes en comunicaci\u00f3n con nosotros.<\/p>\n<p><strong>COOKIES DE TERCEROS<\/strong><\/p>\n<p>Las COOKIES de terceros pueden ser instaladas por uno o m\u00e1s sitios web vinculados al resultado devuelto por la b\u00fasqueda en uno o m\u00e1s de estos sitios web.<br \/>\nPor ejemplo, y de manera no exhaustiva: motores de b\u00fasqueda, portales tem\u00e1ticos, redes sociales, banners, sistemas de difusi\u00f3n, blogs, navegadores, etc.<\/p>\n<p><strong>CUMPLIMIENTO NORMATIVO<\/strong><\/p>\n<p>CURSAL respeta la navegaci\u00f3n de los usuarios\/clientes agentes y utiliza las COOKIES solo conforme a los t\u00e9rminos legales.<\/p>\n<p><strong>COOKIES TEMPORALES<\/strong><\/p>\n<p>Las COOKIES temporales se eliminan autom\u00e1ticamente al finalizar la sesi\u00f3n del usuario o despu\u00e9s de un per\u00edodo de tiempo determinado.<\/p>\n<p><strong>COOKIES PERMANENTES<\/strong><\/p>\n<p>Para las COOKIES permanentes, utilizamos solo aquellas que permiten una navegaci\u00f3n segura y que tienen el \u00fanico prop\u00f3sito de garantizar una navegaci\u00f3n eficiente que permita al usuario\/cliente agente registrarse y acceder a su cuenta personal, us\u00e1ndola para la gesti\u00f3n de los servicios de soporte conforme al art\u00edculo 122 del Decreto Legislativo n. 196\/2003. El uso de estas COOKIES no requiere el consentimiento del usuario.<\/p>\n<p><strong>COOKIES ANAL\u00cdTICAS<\/strong><\/p>\n<p>El uso de estas COOKIES requiere el consentimiento del usuario agente que utiliza el SITIO. Estas COOKIES sirven para analizar las modalidades de acceso y el comportamiento de los usuarios que navegan en el SITIO, conforme al art\u00edculo 122 del Decreto Legislativo n. 196\/2003.<\/p>\n<p><strong>EL SITIO UTILIZA:<\/strong><\/p>\n<p><strong>Cookies t\u00e9cnicas:<\/strong><\/p>\n<p>Las cookies t\u00e9cnicas se utilizan \u00fanicamente con el fin de llevar a cabo la transmisi\u00f3n de una comunicaci\u00f3n en una red de comunicaci\u00f3n electr\u00f3nica, o en la medida estrictamente necesaria para que el proveedor de un servicio de la sociedad de la informaci\u00f3n, expresamente solicitado por el contratante o el usuario, pueda prestar dicho servicio.<\/p>\n<p><strong>Cookies de perfilado:<\/strong><\/p>\n<p>El uso de dichas COOKIES requiere la aprobaci\u00f3n del usuario. Estas COOKIES permanentes permiten compartir contenidos en redes sociales o por correo electr\u00f3nico, y crear perfiles de usuarios para enviar mensajes publicitarios y otros contenidos \u00fatiles, alineados con las preferencias manifestadas por los mismos durante la navegaci\u00f3n en la red.<br \/>\nConforme al art\u00edculo 122 del Decreto Legislativo n. 196\/2003.<\/p>\n<p><strong>Cookies de terceros para la visualizaci\u00f3n de videos en YouTube:<\/strong><br \/>\nEl Responsable del Tratamiento de los Datos no tiene acceso a los datos que son recopilados y tratados de manera aut\u00f3noma por terceros. Para obtener m\u00e1s informaci\u00f3n sobre las l\u00f3gicas y modalidades de tratamiento de los datos recopilados por las redes sociales y\/o terceros, se invita a los usuarios a leer las pol\u00edticas de privacidad proporcionadas por los proveedores de los servicios correspondientes:<br \/>\nYouTube: <a href=\"https:\/\/www.google.it\/intl\/it\/policies\/privacy\/\" target=\"_new\" rel=\"noopener\">https:\/\/www.google.it\/intl\/it\/policies\/privacy\/<\/a><\/p>\n<p><strong>Cookies de terceros para la visualizaci\u00f3n de videos en Vimeo:<\/strong><br \/>\nEl Responsable del Tratamiento de los Datos no tiene acceso a los datos que son recopilados y tratados de manera aut\u00f3noma por terceros. Para obtener m\u00e1s informaci\u00f3n sobre las l\u00f3gicas y modalidades de tratamiento de los datos recopilados por las redes sociales y\/o terceros, se invita a los usuarios a leer las pol\u00edticas de privacidad proporcionadas por los proveedores de los servicios correspondientes:<br \/>\nVimeo: <a href=\"https:\/\/vimeo.com\/privacy\" target=\"_new\" rel=\"noopener\">https:\/\/vimeo.com\/privacy<\/a><\/p>\n<p><strong>Cookies de terceros para los mapas de Google:<\/strong><br \/>\nEl Responsable del Tratamiento de los Datos no tiene acceso a los datos que son recopilados y tratados de manera aut\u00f3noma por terceros. Para obtener m\u00e1s informaci\u00f3n sobre las l\u00f3gicas y modalidades de tratamiento de los datos recopilados por las redes sociales y\/o terceros, se invita a los usuarios a leer las pol\u00edticas de privacidad proporcionadas por los proveedores de los servicios correspondientes:<br \/>\nGoogle Maps: <a href=\"https:\/\/www.google.it\/intl\/it\/policies\/privacy\/\" target=\"_new\" rel=\"noopener\">https:\/\/www.google.it\/intl\/it\/policies\/privacy\/<\/a><\/p>\n<p><strong>Cookies de terceros para estad\u00edsticas de Google Analytics:<\/strong><br \/>\nEl Responsable del Tratamiento de los Datos no tiene acceso a los datos que son recopilados y tratados de manera aut\u00f3noma por terceros. Para obtener m\u00e1s informaci\u00f3n sobre las l\u00f3gicas y modalidades de tratamiento de los datos recopilados por las redes sociales y\/o terceros, se invita a los usuarios a leer las pol\u00edticas de privacidad proporcionadas por los proveedores de los servicios correspondientes:<br \/>\nGoogle Analytics: <a href=\"https:\/\/www.google.it\/intl\/it\/policies\/privacy\/\" target=\"_new\" rel=\"noopener\">https:\/\/www.google.it\/intl\/it\/policies\/privacy\/<\/a><\/p>\n<p><strong>\u00bfC\u00f3mo modificar los ajustes relacionados con las COOKIES?<\/strong><br \/>\nAl acceder a la p\u00e1gina principal o a cualquier otra p\u00e1gina del SITIO, aparece un banner. Al continuar y aceptar la navegaci\u00f3n en el SITIO, el usuario\/cliente agente proporciona su consentimiento para el uso de COOKIES.<br \/>\nEs posible gestionar las preferencias de las COOKIES en cualquier momento haciendo clic en &#8220;Gestionar preferencias&#8221;, incluido su derecho a oponerse.<\/p>\n<p><a style=\"background: #e3e3e3; padding: 10px; margin: 20px auto; color: #000; text-align: center; display: block; font-weight: bold; font-size: 14px; cursor: pointer;\">Gestionar preferencias<\/a><\/p>\n<p>Es posible no aceptar el uso de las COOKIES almacenadas en su disco duro desactiv\u00e1ndolas en la secci\u00f3n dedicada de su navegador.<\/p>\n<p>Siga las instrucciones espec\u00edficas del navegador en uso:<\/p>\n<ul>\n<li>Internet Explorer<\/li>\n<li>Chrome<\/li>\n<li>Firefox<\/li>\n<li>Opera<\/li>\n<li>Safari<\/li>\n<\/ul>\n<p>Sin embargo, posteriormente, el SITO podr\u00eda no funcionar correctamente.<\/p>\n<p><strong>L\u00edmites a la transmisi\u00f3n y difusi\u00f3n de datos personales<\/strong><br \/>\nLos datos adquiridos mediante las COOKIES son gestionados por empleados y colaboradores de CURSAL, encargados del tratamiento de datos. Las empresas o profesionales a quienes se les ha confiado la tarea de ejecutar operaciones t\u00e9cnicas y organizativas en nuestro nombre, tales como, a t\u00edtulo indicativo y no exhaustivo, proveedores de servicios web o cualquier otro directamente relacionado con nuestras provisiones de servicios, productos y soluciones que son tratadas, suministradas y\/o proporcionadas por nuestros socios directos y que est\u00e1n expresamente encargados por CURSAL del tratamiento de datos.<br \/>\nLa lista de dichas empresas se actualiza constantemente y puede ser solicitada contact\u00e1ndonos a la direcci\u00f3n indicada al final de la p\u00e1gina o enviando un correo electr\u00f3nico a la direcci\u00f3n <a href=\"mailto:info@cursal.com\" rel=\"noopener\">info@cursal.com<\/a>.<br \/>\nLos datos adquiridos mediante las COOKIES pueden ser transferidos al extranjero, pero en ning\u00fan caso pueden ser vendidos, transmitidos o divulgados a terceros.<\/p>\n<p><strong>DERECHOS DE LOS USUARIOS\/CLIENTES<\/strong><br \/>\nEn cualquier momento, es posible solicitar y obtener la eliminaci\u00f3n, transformaci\u00f3n en forma an\u00f3nima, copia, actualizaci\u00f3n, rectificaci\u00f3n, integraci\u00f3n y bloqueo de los datos tratados en violaci\u00f3n del art\u00edculo 7 del Decreto Legislativo n. 196\/2003. En cualquier momento, se puede oponer al tratamiento de sus datos personales con fines comerciales y de marketing, as\u00ed como oponerse, por motivos leg\u00edtimos, al tratamiento de los mismos para otros fines. Para hacer valer sus derechos leg\u00edtimos, env\u00ede una comunicaci\u00f3n escrita a la direcci\u00f3n indicada al final de la p\u00e1gina o un correo electr\u00f3nico a <a href=\"mailto:info@cursal.com\" rel=\"noopener\">info@cursal.com<\/a>.<\/p>\n<p><strong>INFORMACI\u00d3N ADICIONAL<\/strong><br \/>\nPuede encontrar informaci\u00f3n adicional en <a href=\"http:\/\/aboutcookies.org\">aboutcookies.org<\/a>.<\/p>\n<p><strong>RESPONSABLE Y ENCARGADO DEL TRATAMIENTO DE DATOS<\/strong><br \/>\nEl responsable del tratamiento de datos es Cursal S.r.l. &#8211; Via Brandolini 38\/a &#8211; 31020 San Fior (TV) &#8211; ITALIA.<\/p>\n","protected":false},"excerpt":{"rendered":"<p>Pol\u00edtica sobre el tratamiento de cookies conforme al Reglamento (UE) 2016\/679 (Reglamento General de Protecci\u00f3n de Datos; &#8220;GDPR&#8221;), al D. Lgs. 196\/2003 y sus modificaciones (C\u00f3digo en materia de protecci\u00f3n de datos personales), a la Directiva 2002\/58\/CE, a la Disposici\u00f3n del Garante para la protecci\u00f3n de datos personales (&#8220;Garante de Privacidad&#8221;) \u201cIdentificaci\u00f3n de los m\u00e9todos [&hellip;]<\/p>\n","protected":false},"author":2,"featured_media":0,"parent":0,"menu_order":0,"comment_status":"closed","ping_status":"closed","template":"","meta":{"footnotes":""},"class_list":["post-59903","page","type-page","status-publish","hentry"],"_links":{"self":[{"href":"https:\/\/www.cursal.com\/index.php?rest_route=\/wp\/v2\/pages\/59903","targetHints":{"allow":["GET"]}}],"collection":[{"href":"https:\/\/www.cursal.com\/index.php?rest_route=\/wp\/v2\/pages"}],"about":[{"href":"https:\/\/www.cursal.com\/index.php?rest_route=\/wp\/v2\/types\/page"}],"author":[{"embeddable":true,"href":"https:\/\/www.cursal.com\/index.php?rest_route=\/wp\/v2\/users\/2"}],"replies":[{"embeddable":true,"href":"https:\/\/www.cursal.com\/index.php?rest_route=%2Fwp%2Fv2%2Fcomments&post=59903"}],"version-history":[{"count":6,"href":"https:\/\/www.cursal.com\/index.php?rest_route=\/wp\/v2\/pages\/59903\/revisions"}],"predecessor-version":[{"id":67816,"href":"https:\/\/www.cursal.com\/index.php?rest_route=\/wp\/v2\/pages\/59903\/revisions\/67816"}],"wp:attachment":[{"href":"https:\/\/www.cursal.com\/index.php?rest_route=%2Fwp%2Fv2%2Fmedia&parent=59903"}],"curies":[{"name":"wp","href":"https:\/\/api.w.org\/{rel}","templated":true}]}}