{"id":3816,"date":"2016-07-26T16:10:25","date_gmt":"2016-07-26T14:10:25","guid":{"rendered":"http:\/\/dm2cu1.cursal.it\/?page_id=3816"},"modified":"2024-01-30T16:41:32","modified_gmt":"2024-01-30T15:41:32","slug":"hablan-de-nosotros","status":"publish","type":"page","link":"https:\/\/www.cursal.com\/?page_id=3816&lang=es","title":{"rendered":"Hablan de nosotros"},"content":{"rendered":"<p><img loading=\"lazy\" decoding=\"async\" class=\"alignleft wp-image-55632\" style=\"color: #0000ee;\" src=\"https:\/\/www.cursal.com\/wp-content\/uploads\/2022\/10\/Cursal-Xylexpo-22-preview-woodworking-machinery_page-0001-435x600.jpg\" alt=\"\" width=\"166\" height=\"229\" srcset=\"https:\/\/www.cursal.com\/wp-content\/uploads\/2022\/10\/Cursal-Xylexpo-22-preview-woodworking-machinery_page-0001-435x600.jpg 435w, https:\/\/www.cursal.com\/wp-content\/uploads\/2022\/10\/Cursal-Xylexpo-22-preview-woodworking-machinery_page-0001-768x1060.jpg 768w, https:\/\/www.cursal.com\/wp-content\/uploads\/2022\/10\/Cursal-Xylexpo-22-preview-woodworking-machinery_page-0001-742x1024.jpg 742w, https:\/\/www.cursal.com\/wp-content\/uploads\/2022\/10\/Cursal-Xylexpo-22-preview-woodworking-machinery_page-0001-600x828.jpg 600w, https:\/\/www.cursal.com\/wp-content\/uploads\/2022\/10\/Cursal-Xylexpo-22-preview-woodworking-machinery_page-0001-250x345.jpg 250w, https:\/\/www.cursal.com\/wp-content\/uploads\/2022\/10\/Cursal-Xylexpo-22-preview-woodworking-machinery_page-0001.jpg 800w\" sizes=\"auto, (max-width: 166px) 100vw, 166px\" \/><\/p>\n<p>La historia de Cursal en Xylexpo<br \/>\n<strong><span style=\"color: #ff0000;\">XYLON INTERNATIONAL Septiembre\/Octubre<br \/>\n<\/span><\/strong>Descarga el<a href=\"https:\/\/www.cursal.com\/wp-content\/uploads\/2022\/10\/Cursal-Xylexpo-22-preview-woodworking-machinery.pdf\"><strong> pdf<\/strong><\/a> del art\u00edculo<\/p>\n<p>&nbsp;<\/p>\n<p>&nbsp;<\/p>\n<p>&nbsp;<\/p>\n<p>&nbsp;<\/p>\n<p>&nbsp;<\/p>\n<p>&nbsp;<\/p>\n<hr \/>\n<p><img loading=\"lazy\" decoding=\"async\" class=\"alignleft wp-image-53295\" style=\"color: #0000ee;\" src=\"https:\/\/www.cursal.com\/wp-content\/uploads\/2022\/06\/220617-Xylon-int-parlano-di-noi-424x600.jpg\" alt=\"\" width=\"183\" height=\"259\" srcset=\"https:\/\/www.cursal.com\/wp-content\/uploads\/2022\/06\/220617-Xylon-int-parlano-di-noi-424x600.jpg 424w, https:\/\/www.cursal.com\/wp-content\/uploads\/2022\/06\/220617-Xylon-int-parlano-di-noi-768x1086.jpg 768w, https:\/\/www.cursal.com\/wp-content\/uploads\/2022\/06\/220617-Xylon-int-parlano-di-noi-724x1024.jpg 724w, https:\/\/www.cursal.com\/wp-content\/uploads\/2022\/06\/220617-Xylon-int-parlano-di-noi-600x849.jpg 600w, https:\/\/www.cursal.com\/wp-content\/uploads\/2022\/06\/220617-Xylon-int-parlano-di-noi-250x354.jpg 250w, https:\/\/www.cursal.com\/wp-content\/uploads\/2022\/06\/220617-Xylon-int-parlano-di-noi-1320x1867.jpg 1320w, https:\/\/www.cursal.com\/wp-content\/uploads\/2022\/06\/220617-Xylon-int-parlano-di-noi.jpg 1754w\" sizes=\"auto, (max-width: 183px) 100vw, 183px\" \/><\/p>\n<p>Cursal en Suecia con GLF Group<br \/>\n<strong><span style=\"color: #ff0000;\">XYLON INTERNATIONAL Mayo\/Junio<br \/>\n<\/span><\/strong>Descarga el<a href=\"https:\/\/www.cursal.com\/wp-content\/uploads\/2022\/06\/220617-Xylon-int-parlano-di-noi.pdf\"><strong> pdf<\/strong><\/a> del art\u00edculo<\/p>\n<p>&nbsp;<\/p>\n<p>&nbsp;<\/p>\n<p>&nbsp;<\/p>\n<p>&nbsp;<\/p>\n<p>&nbsp;<\/p>\n<p>&nbsp;<\/p>\n<hr \/>\n<p><a class=\"oajrlxb2 g5ia77u1 qu0x051f esr5mh6w e9989ue4 r7d6kgcz rq0escxv nhd2j8a9 nc684nl6 p7hjln8o kvgmc6g5 cxmmr5t8 oygrvhab hcukyx3x jb3vyjys rz4wbd8a qt6c0cv9 a8nywdso i1ao9s8h esuyzwwr f1sip0of lzcic4wl q66pz984 gpro0wi8 b1v8xokw\" tabindex=\"0\" role=\"link\" href=\"https:\/\/www.facebook.com\/cursalsrl\/?__cft__[0]=AZXJ2WwXMeMQuYZGzMRIoQtDT4h3rPQNab7fzO9PZMK-mr0wE-Fp_ozH2nQdulpcYYckUwMg5H3OaIMvJ2Mj-CdodKVGiL-ZBq9iGDsFe1911tXz5aQDy_zxWGJIlCgNlj5Vfz92ycSFucxnyVYx4Yx13FgomTJRWsuvLsK9PJAtgbJ4gzrFuU5q4bV5TdiFbJc&amp;__tn__=kK-R\"><span class=\"nc684nl6\">Cursal s.r.l<\/span><\/a> est\u00e1 siempre dispuesta a &#8220;pedalear&#8221; codo con codo con los clubes deportivos locales y con los que participan.<br \/>\n<strong><span style=\"color: #ff0000;\">Patrocinador nacional de ciclocross<br \/>\n<\/span><\/strong>Descargar el <a href=\"https:\/\/www.cursal.com\/wp-content\/uploads\/2021\/11\/211116-San-fiorese-locandina-ciclocross-28.12.pdf\">pdf<\/a> del cartel<\/p>\n<p>&nbsp;<\/p>\n<p><a  href=\"https:\/\/www.cursal.com\/wp-content\/uploads\/2021\/11\/211116-San-fiorese-locandina-ciclocross-28.12.jpg\" data-rel=\"lightbox-gallery-0\" data-rl_title=\"\" data-rl_caption=\"\" title=\"\"><img loading=\"lazy\" decoding=\"async\" class=\"wp-image-50008 alignleft\" src=\"https:\/\/www.cursal.com\/wp-content\/uploads\/2021\/11\/211116-San-fiorese-locandina-ciclocross-28.12-429x600.jpg\" alt=\"\" width=\"178\" height=\"249\" srcset=\"https:\/\/www.cursal.com\/wp-content\/uploads\/2021\/11\/211116-San-fiorese-locandina-ciclocross-28.12-429x600.jpg 429w, https:\/\/www.cursal.com\/wp-content\/uploads\/2021\/11\/211116-San-fiorese-locandina-ciclocross-28.12-768x1075.jpg 768w, https:\/\/www.cursal.com\/wp-content\/uploads\/2021\/11\/211116-San-fiorese-locandina-ciclocross-28.12-731x1024.jpg 731w, https:\/\/www.cursal.com\/wp-content\/uploads\/2021\/11\/211116-San-fiorese-locandina-ciclocross-28.12-600x840.jpg 600w, https:\/\/www.cursal.com\/wp-content\/uploads\/2021\/11\/211116-San-fiorese-locandina-ciclocross-28.12-250x350.jpg 250w, https:\/\/www.cursal.com\/wp-content\/uploads\/2021\/11\/211116-San-fiorese-locandina-ciclocross-28.12-1320x1848.jpg 1320w\" sizes=\"auto, (max-width: 178px) 100vw, 178px\" \/><\/a><\/p>\n<p>&nbsp;<\/p>\n<p>&nbsp;<\/p>\n<p>&nbsp;<\/p>\n<p>&nbsp;<\/p>\n<p>&nbsp;<\/p>\n<p>&nbsp;<\/p>\n<hr \/>\n<p><img loading=\"lazy\" decoding=\"async\" class=\" wp-image-48008 alignleft\" src=\"https:\/\/www.cursal.com\/wp-content\/uploads\/2021\/05\/210511-Xylon-articolo-TRSI8000-EN.jpg\" alt=\"\" width=\"183\" height=\"259\" srcset=\"https:\/\/www.cursal.com\/wp-content\/uploads\/2021\/05\/210511-Xylon-articolo-TRSI8000-EN.jpg 1733w, https:\/\/www.cursal.com\/wp-content\/uploads\/2021\/05\/210511-Xylon-articolo-TRSI8000-EN-424x600.jpg 424w, https:\/\/www.cursal.com\/wp-content\/uploads\/2021\/05\/210511-Xylon-articolo-TRSI8000-EN-768x1087.jpg 768w, https:\/\/www.cursal.com\/wp-content\/uploads\/2021\/05\/210511-Xylon-articolo-TRSI8000-EN-723x1024.jpg 723w, https:\/\/www.cursal.com\/wp-content\/uploads\/2021\/05\/210511-Xylon-articolo-TRSI8000-EN-600x849.jpg 600w, https:\/\/www.cursal.com\/wp-content\/uploads\/2021\/05\/210511-Xylon-articolo-TRSI8000-EN-250x354.jpg 250w, https:\/\/www.cursal.com\/wp-content\/uploads\/2021\/05\/210511-Xylon-articolo-TRSI8000-EN-1320x1868.jpg 1320w\" sizes=\"auto, (max-width: 183px) 100vw, 183px\" \/><\/p>\n<p>Cursal y Wood Imballaggi la contrasena es confiabilidad<br \/>\n<strong><span style=\"color: #ff0000;\">XYLON INTERNATIONAL Marzo\/Abril<br \/>\n<\/span><\/strong>Descarga el<a href=\"https:\/\/www.cursal.com\/wp-content\/uploads\/2021\/05\/210511-Xylon-articolo-TRSI8000-EN.pdf\"><strong> pdf<\/strong><\/a> del art\u00edculo<\/p>\n<p>&nbsp;<\/p>\n<p>&nbsp;<\/p>\n<p>&nbsp;<\/p>\n<p>&nbsp;<\/p>\n<p>&nbsp;<\/p>\n<hr \/>\n<p><img loading=\"lazy\" decoding=\"async\" class=\"alignleft wp-image-47297\" style=\"color: #0000ee;\" src=\"https:\/\/www.cursal.com\/wp-content\/uploads\/2021\/03\/210322-Cursal-rivista-Connect.jpg\" alt=\"\" width=\"182\" height=\"266\" srcset=\"https:\/\/www.cursal.com\/wp-content\/uploads\/2021\/03\/210322-Cursal-rivista-Connect.jpg 1170w, https:\/\/www.cursal.com\/wp-content\/uploads\/2021\/03\/210322-Cursal-rivista-Connect-410x600.jpg 410w, https:\/\/www.cursal.com\/wp-content\/uploads\/2021\/03\/210322-Cursal-rivista-Connect-768x1124.jpg 768w, https:\/\/www.cursal.com\/wp-content\/uploads\/2021\/03\/210322-Cursal-rivista-Connect-699x1024.jpg 699w, https:\/\/www.cursal.com\/wp-content\/uploads\/2021\/03\/210322-Cursal-rivista-Connect-600x878.jpg 600w, https:\/\/www.cursal.com\/wp-content\/uploads\/2021\/03\/210322-Cursal-rivista-Connect-250x366.jpg 250w\" sizes=\"auto, (max-width: 182px) 100vw, 182px\" \/><\/p>\n<p>Los expertos en madera eligen Cursal<br \/>\n<span style=\"color: #ff0000;\"><strong>CONNECT THE FURNITURE&amp;JOINERY third edition<br \/>\n<\/strong><\/span>Descarga el<a href=\"https:\/\/www.cursal.com\/wp-content\/uploads\/2021\/03\/210322-Cursal-rivista-Connect-articolo.pdf\"><strong> pdf<\/strong><\/a> del art\u00edculo<\/p>\n<p>&nbsp;<\/p>\n<p>&nbsp;<\/p>\n<p>&nbsp;<\/p>\n<p>&nbsp;<\/p>\n<p>&nbsp;<\/p>\n<p>&nbsp;<\/p>\n<hr \/>\n<p>&nbsp;<\/p>\n<p><img loading=\"lazy\" decoding=\"async\" class=\"alignleft wp-image-29499\" style=\"color: #0000ee;\" src=\"https:\/\/www.cursal.com\/wp-content\/uploads\/2020\/04\/Woodworking-technologies-at-the-\u201cCovid-19\u201d-times-interview.png\" alt=\"\" width=\"179\" height=\"198\" srcset=\"https:\/\/www.cursal.com\/wp-content\/uploads\/2020\/04\/Woodworking-technologies-at-the-\u201cCovid-19\u201d-times-interview.png 788w, https:\/\/www.cursal.com\/wp-content\/uploads\/2020\/04\/Woodworking-technologies-at-the-\u201cCovid-19\u201d-times-interview-543x600.png 543w, https:\/\/www.cursal.com\/wp-content\/uploads\/2020\/04\/Woodworking-technologies-at-the-\u201cCovid-19\u201d-times-interview-768x849.png 768w, https:\/\/www.cursal.com\/wp-content\/uploads\/2020\/04\/Woodworking-technologies-at-the-\u201cCovid-19\u201d-times-interview-600x663.png 600w, https:\/\/www.cursal.com\/wp-content\/uploads\/2020\/04\/Woodworking-technologies-at-the-\u201cCovid-19\u201d-times-interview-250x276.png 250w\" sizes=\"auto, (max-width: 179px) 100vw, 179px\" \/><\/p>\n<p>Woodworking technologies at the \u201cCovid-19\u201d times, interview<br \/>\n<b><span style=\"color: #ff0000;\">XYLON INTERNATIONAL April<br \/>\n<\/span><\/b>Descarga el<a href=\"https:\/\/www.cursal.com\/wp-content\/uploads\/2020\/04\/Woodworking-technologies-at-the-\u201cCovid-19\u201d-times-interview.pdf\"><strong> pdf<\/strong><\/a> del art\u00edculo<\/p>\n<p>&nbsp;<\/p>\n<p>&nbsp;<\/p>\n<p>&nbsp;<\/p>\n<p>&nbsp;<\/p>\n<p>&nbsp;<\/p>\n<hr \/>\n<p>La empresa Design Parquet utiliza las tronzadoras optimizadoras <strong>Cursal<br \/>\n<\/strong>Descarga el<a  href=\"https:\/\/www.cursal.com\/wp-content\/uploads\/2020\/04\/cursal-bois-magazine-design-parquet.jpg\" data-rel=\"lightbox-gallery-0\" data-rl_title=\"\" data-rl_caption=\"\" title=\"\"><strong> pdf<\/strong><\/a> del art\u00edculo<\/p>\n<p>&nbsp;<\/p>\n<p><a href=\"https:\/\/www.cursal.com\/?attachment_id=29320\" rel=\"attachment wp-att-29320\"><img loading=\"lazy\" decoding=\"async\" class=\"alignleft wp-image-29320\" src=\"https:\/\/www.cursal.com\/wp-content\/uploads\/2020\/04\/cursal-bois-magazine-design-parquet.jpg\" alt=\"\" width=\"177\" height=\"256\" srcset=\"https:\/\/www.cursal.com\/wp-content\/uploads\/2020\/04\/cursal-bois-magazine-design-parquet.jpg 647w, https:\/\/www.cursal.com\/wp-content\/uploads\/2020\/04\/cursal-bois-magazine-design-parquet-415x600.jpg 415w, https:\/\/www.cursal.com\/wp-content\/uploads\/2020\/04\/cursal-bois-magazine-design-parquet-600x867.jpg 600w, https:\/\/www.cursal.com\/wp-content\/uploads\/2020\/04\/cursal-bois-magazine-design-parquet-250x361.jpg 250w\" sizes=\"auto, (max-width: 177px) 100vw, 177px\" \/><\/a><\/p>\n<p>&nbsp;<\/p>\n<p>&nbsp;<\/p>\n<p>&nbsp;<\/p>\n<p>&nbsp;<\/p>\n<p>&nbsp;<\/p>\n<p>&nbsp;<\/p>\n<p>&nbsp;<\/p>\n<hr \/>\n<p>&nbsp;<\/p>\n<p><span style=\"color: #ff0000;\"><b>XYLON INTERNATIONAL November-December<br \/>\n<\/b><\/span>Descarga el<a href=\"https:\/\/www.cursal.com\/wp-content\/uploads\/2020\/03\/Articolo-Cursal-Xylon-International-novembre-dicembre-n.6.pdf\"><strong> pdf<\/strong><\/a> del art\u00edculo<\/p>\n<p><a href=\"https:\/\/www.cursal.com\/?attachment_id=29021&amp;lang=en\" rel=\"attachment wp-att-29021\"><img loading=\"lazy\" decoding=\"async\" class=\"alignleft wp-image-29021\" src=\"https:\/\/www.cursal.com\/wp-content\/uploads\/2020\/03\/cursal-parlando-di-crescita-xylon-international-novembre-dicembre-n.6.jpg\" alt=\"\" width=\"157\" height=\"212\" srcset=\"https:\/\/www.cursal.com\/wp-content\/uploads\/2020\/03\/cursal-parlando-di-crescita-xylon-international-novembre-dicembre-n.6.jpg 647w, https:\/\/www.cursal.com\/wp-content\/uploads\/2020\/03\/cursal-parlando-di-crescita-xylon-international-novembre-dicembre-n.6-444x600.jpg 444w, https:\/\/www.cursal.com\/wp-content\/uploads\/2020\/03\/cursal-parlando-di-crescita-xylon-international-novembre-dicembre-n.6-600x811.jpg 600w, https:\/\/www.cursal.com\/wp-content\/uploads\/2020\/03\/cursal-parlando-di-crescita-xylon-international-novembre-dicembre-n.6-250x338.jpg 250w\" sizes=\"auto, (max-width: 157px) 100vw, 157px\" \/><\/a><\/p>\n<p>&nbsp;<\/p>\n<p>&nbsp;<\/p>\n<p>&nbsp;<\/p>\n<p>&nbsp;<\/p>\n<p>&nbsp;<\/p>\n<hr \/>\n<p>&nbsp;<\/p>\n<p>En el a\u00f1o 2019 empezamos a presentar nuestro <strong>esc\u00e1ner \u00f3ptico a color, detecci\u00f3n de calidad y defectos<br \/>\n<\/strong>Descarga el\u00a0<a href=\"https:\/\/www.cursal.com\/wp-content\/uploads\/2019\/10\/cursal-xylon-international-scanner-ottico-difetti-n.4-2019.pdf\"><strong>pdf<\/strong><\/a>\u00a0del art\u00edculo<\/p>\n<p>&nbsp;<\/p>\n<p><a href=\"https:\/\/www.cursal.com\/?attachment_id=25874\" rel=\"attachment wp-att-25874\"><img loading=\"lazy\" decoding=\"async\" class=\"alignleft wp-image-25874 \" src=\"https:\/\/www.cursal.com\/wp-content\/uploads\/2019\/10\/cursal-xylon-international-scanner-ottico-difetti-n.4-2019-414x600.png\" alt=\"\" width=\"184\" height=\"267\" srcset=\"https:\/\/www.cursal.com\/wp-content\/uploads\/2019\/10\/cursal-xylon-international-scanner-ottico-difetti-n.4-2019-414x600.png 414w, https:\/\/www.cursal.com\/wp-content\/uploads\/2019\/10\/cursal-xylon-international-scanner-ottico-difetti-n.4-2019-250x362.png 250w, https:\/\/www.cursal.com\/wp-content\/uploads\/2019\/10\/cursal-xylon-international-scanner-ottico-difetti-n.4-2019.png 430w\" sizes=\"auto, (max-width: 184px) 100vw, 184px\" \/><\/a><\/p>\n<p>&nbsp;<\/p>\n<p>&nbsp;<\/p>\n<p>&nbsp;<\/p>\n<p>&nbsp;<\/p>\n<p>&nbsp;<\/p>\n<p>&nbsp;<\/p>\n<p>&nbsp;<\/p>\n<hr \/>\n<p>Vidar Andr\u00e8 Heggstad, de la firma noruega <strong>Tretek<\/strong>, explica c\u00f3mo las soluciones de Cursal son <strong>ideales para satisfacer las necesidades<\/strong> de sus clientes, buscando <strong>m\u00e9todos de trabajo cada vez m\u00e1s inteligentes y eficientes.<br \/>\n<\/strong>Descarga el <a href=\"https:\/\/www.cursal.com\/wp-content\/uploads\/2019\/02\/cursal-tretek-2019.pdf\"><strong>pdf\u00a0<\/strong><\/a>del art\u00edculo<\/p>\n<p><img loading=\"lazy\" decoding=\"async\" class=\"alignleft wp-image-19156\" src=\"https:\/\/www.cursal.com\/wp-content\/uploads\/2019\/02\/cursal-tretek-2019.png\" alt=\"\" width=\"188\" height=\"132\" srcset=\"https:\/\/www.cursal.com\/wp-content\/uploads\/2019\/02\/cursal-tretek-2019.png 812w, https:\/\/www.cursal.com\/wp-content\/uploads\/2019\/02\/cursal-tretek-2019-600x420.png 600w, https:\/\/www.cursal.com\/wp-content\/uploads\/2019\/02\/cursal-tretek-2019-768x537.png 768w, https:\/\/www.cursal.com\/wp-content\/uploads\/2019\/02\/cursal-tretek-2019-250x175.png 250w\" sizes=\"auto, (max-width: 188px) 100vw, 188px\" \/><\/p>\n<p>&nbsp;<\/p>\n<p>&nbsp;<\/p>\n<p>&nbsp;<\/p>\n<p>&nbsp;<\/p>\n<p>&nbsp;<\/p>\n<hr \/>\n<p>En la revista del sector\u00a0<strong><a href=\"http:\/\/www.woodworkingnews.co.uk\/\" target=\"_blank\" rel=\"noopener\">Woodworking News<\/a><\/strong>,\u00a0\u00a0<strong>Dan Somerscales<\/strong>\u00a0con\u00a0<strong>Kevin McGlone<\/strong>\u00a0de JJ Smith, hablan de la compra de una nueva tronzadora\u00a0<strong>Cursal<\/strong>\u00a0serie\u00a0<a href=\"http:\/\/www.cursal.com\/?p=3955&amp;lang=es\" target=\"_blank\" rel=\"noopener\"><strong>TRSI<\/strong>\u00a0<\/a>de alta velocidad, automatica, optimizadora con eliminaci\u00f3n de los defectos, suministrada por\u00a0<a href=\"http:\/\/www.jjsmith.co.uk\/index\" target=\"_blank\" rel=\"noopener\"><strong>JJ Smith<\/strong><\/a>.<br \/>\n<span style=\"color: #ff0000;\"><strong>\u00a0Revista Woodworking News julio<br \/>\n<\/strong><\/span>Descarga el\u00a0<strong><a href=\"http:\/\/www.cursal.com\/wp-content\/uploads\/2017\/08\/cursal-woodworkingnews-trsi.pdf\" target=\"_blank\" rel=\"noopener\">pdf\u00a0<\/a><\/strong>del art\u00edculo<br \/>\nVisualiza el\u00a0art\u00edculo\u00a0<strong><a href=\"http:\/\/www.jjsmith.co.uk\/newsweb\/Somerscales-Invest-In-Cursal-TRSI-Crosscut-Saw\" target=\"_blank\" rel=\"noopener\">o<\/a><a href=\"http:\/\/www.jjsmith.co.uk\/newsweb\/Somerscales-Invest-In-Cursal-TRSI-Crosscut-Saw\" target=\"_blank\" rel=\"noopener\">n-line<\/a><\/strong>\u00a0en el sitio de JJ Smith<\/p>\n<p><img loading=\"lazy\" decoding=\"async\" class=\"alignleft size-full wp-image-5953\" src=\"https:\/\/www.cursal.com\/wp-content\/uploads\/2017\/08\/cursal-somerscales-trsi.jpg\" alt=\"cursal-somerscales-trsi\" width=\"187\" height=\"253\" \/><\/p>\n<p>&nbsp;<\/p>\n<p>&nbsp;<\/p>\n<p>&nbsp;<\/p>\n<p>&nbsp;<\/p>\n<p>&nbsp;<\/p>\n<p>&nbsp;<\/p>\n<p>&nbsp;<\/p>\n<p>&nbsp;<\/p>\n<hr \/>\n<p>Le damos las gracias a la <strong>revista de sector Xylon<\/strong> que, con ocasi\u00f3n del aniversario de la empresa por los <strong>40 a\u00f1os<\/strong>, entrevist\u00f3 al CEO Cursal el <strong>Se\u00f1or Giuseppe Curtolo<\/strong>, en nuestra sede Cursal.<br \/>\n<span style=\"color: #ff0000;\"><strong>REVISTA XYLON mayo-junio<br \/>\n<\/strong><\/span>Descarga el\u00a0<a href=\"http:\/\/www.cursal.com\/wp-content\/uploads\/2017\/06\/170510-Xylon-EN-cursal-40-anni-2.pdf\" target=\"_blank\" rel=\"noopener\">pdf<\/a>\u00a0del art\u00edculo<\/p>\n<p><img loading=\"lazy\" decoding=\"async\" class=\"alignleft  wp-image-5875\" src=\"https:\/\/www.cursal.com\/wp-content\/uploads\/2017\/06\/Cattura-ING.jpg\" alt=\"cursal-xylon-40 anni-ing\" width=\"196\" height=\"278\" \/><\/p>\n<p>&nbsp;<\/p>\n<p>&nbsp;<\/p>\n<p>&nbsp;<\/p>\n<p>&nbsp;<\/p>\n<p>&nbsp;<\/p>\n<p>&nbsp;<\/p>\n<p>&nbsp;<\/p>\n<p>&nbsp;<\/p>\n<hr \/>\n<p>Con los a\u00f1os nos hemos hecho conocer y hemos sido apreciado por <strong>exactitud, fiabilidad y competencia<\/strong>. No por casualidad, algunas de las revistas m\u00e1s importantes <strong>escriben sobre nosotros:<\/strong><br \/>\n<a href=\"http:\/\/www.jjsmith.co.uk\/\" target=\"_blank\" rel=\"noopener\">JJ SMITH<\/a>, UK Cursal dealer, illustrates the second powerful system 100% made in Cursal, by company SCA Timber Supply UK:<br \/>\n<span style=\"color: #ff0000;\"><strong>&#8220;SCA Timber Supply UK invest in a 2nd Cursal cross cutting line from JJ Smith&#8221;<br \/>\n<\/strong><\/span>Descarga el <a href=\"http:\/\/www.cursal.com\/wp-content\/uploads\/2017\/08\/cursal-sca-timber-jj-smith.pdf\" target=\"_blank\" rel=\"noopener\">pdf<\/a>\u00a0del art\u00edculo<\/p>\n<p><img loading=\"lazy\" decoding=\"async\" class=\"alignleft\" src=\"https:\/\/www.cursal.com\/wp-content\/uploads\/2016\/04\/Cursal-cross-cutting-line.png\" alt=\"Cursal cross cutting line\" width=\"198\" height=\"279\" \/><\/p>\n<p>&nbsp;<\/p>\n<p>&nbsp;<\/p>\n<p>&nbsp;<\/p>\n<p>&nbsp;<\/p>\n<p>&nbsp;<\/p>\n<p>&nbsp;<\/p>\n<p>&nbsp;<\/p>\n<p>&nbsp;<\/p>\n<hr \/>\n<p><a href=\"http:\/\/www.xylon.it\/default.asp\" target=\"_blank\" rel=\"noopener\"><strong>Xylon.it<\/strong><\/a>\u00a0\u00a0y <strong>Xilon Internacional<\/strong>, por ejemplo, las revistas de la &#8220;<strong>Feria de la Madera<\/strong>&#8220;, nos dedican algunos art\u00edculos:<br \/>\n<span style=\"color: #ff0000;\"><strong>&#8220;La tronzadora es inteligente&#8221;<br \/>\n<\/strong><\/span>La combinaci\u00f3n entre <strong>software y automatizaci\u00f3n<\/strong> est\u00e1 cambiando los tipos de sierras de corte, que se confirman ser entre los <strong>principales puntos de un proceso productivo eficiente<\/strong> que optimiza tiempo, costes, materia prima y mano de obra.<br \/>\nDescarga el <a href=\"http:\/\/www.cursal.com\/wp-content\/uploads\/2016\/04\/Cursal-articolo-2011.pdf\" target=\"_blank\" rel=\"noopener\">pdf<\/a> del art\u00edculo<\/p>\n<p><img loading=\"lazy\" decoding=\"async\" class=\"size-full wp-image-2189 alignleft\" title=\"xilon 2011 Cursal la troncatrice intelligente\" src=\"https:\/\/www.cursal.com\/wp-content\/uploads\/2016\/04\/xilon-2011-Cursal-la-troncatrice-intelligente.jpg\" alt=\"xilon 2011 Cursal la troncatrice intelligente\" width=\"163\" height=\"230\" \/><\/p>\n<p>&nbsp;<\/p>\n<p>&nbsp;<\/p>\n<p>&nbsp;<\/p>\n<p>&nbsp;<\/p>\n<p>&nbsp;<\/p>\n<p>&nbsp;<\/p>\n<p>&nbsp;<\/p>\n<hr \/>\n<p><img loading=\"lazy\" decoding=\"async\" class=\"size-full wp-image-2193 alignleft\" style=\"line-height: 1.5;\" src=\"https:\/\/www.cursal.com\/wp-content\/uploads\/2016\/04\/xilon-2014-cursal-soluzioni-per-la-troncatura.jpg\" alt=\"xilon 2014 - cursal soluzioni per la troncatura\" width=\"163\" height=\"230\" \/><span style=\"color: #ff0000;\"><strong>&#8220;Cursal: solucciones para tronzar&#8221;<\/strong><\/span><\/p>\n<p>Cursal enriquece cada a\u00f1o su propuesta expositiva con <strong>solucciones nuevas<\/strong> y a la vanguardia que <strong>se adapten a las necesidades<\/strong> de un mercado siempre m\u00e1s internacional y diferente. Una de las m\u00e1quinas de corte actualmente m\u00e1s requerida es la serie \u201c<strong>TRV 1200<\/strong>\u201d<\/p>\n<p>Descarga el <a href=\"http:\/\/www.cursal.com\/wp-content\/uploads\/2016\/04\/Cursal-luglio-2014.pdf\" target=\"_blank\" rel=\"noopener\">pdf<\/a>\u00a0del art\u00edculo<\/p>\n<p>&nbsp;<\/p>\n<p>&nbsp;<\/p>\n<p>&nbsp;<\/p>\n<hr \/>\n<p><img loading=\"lazy\" decoding=\"async\" class=\"size-full wp-image-2195 alignleft\" style=\"line-height: 1.5;\" src=\"https:\/\/www.cursal.com\/wp-content\/uploads\/2016\/04\/xilon-2011-the-cross-cut-saw-is-smart.jpg\" alt=\"xilon 2011 - the cross-cut saw is smart\" width=\"163\" height=\"230\" \/><\/p>\n<p><span style=\"color: #ff0000;\"><strong>&#8220;La tronzadora es inteligente&#8221;<\/strong><\/span><\/p>\n<p>La combinaci\u00f3n de <strong>software<\/strong> y <strong>automatizaci\u00f3n<\/strong> est\u00e1 cambiando la esencia de las sierras de corte, un punto clave para un proceso de producci\u00f3n que <strong>optimiza tiempo, costos, materias primas y mano de obra.<\/strong><\/p>\n<p>Descarga el <a href=\"http:\/\/www.cursal.com\/wp-content\/uploads\/2016\/04\/Cursal-articolo-int-2011.pdf\" target=\"_blank\" rel=\"noopener\">pdf<\/a> del art\u00edculo<\/p>\n<p>&nbsp;<\/p>\n<p>&nbsp;<\/p>\n<p>&nbsp;<\/p>\n<hr \/>\n<p><a href=\"https:\/\/www.cursal.com\/?attachment_id=30004&amp;lang=es\" rel=\"attachment wp-att-30004\"><img loading=\"lazy\" decoding=\"async\" class=\"alignleft wp-image-30004 \" src=\"https:\/\/www.cursal.com\/wp-content\/uploads\/2020\/06\/pubblicit\u00e0-TOR-PAL-su-investor-07-11-13-1024x724-1.jpg\" alt=\"\" width=\"179\" height=\"127\" srcset=\"https:\/\/www.cursal.com\/wp-content\/uploads\/2020\/06\/pubblicit\u00e0-TOR-PAL-su-investor-07-11-13-1024x724-1.jpg 1024w, https:\/\/www.cursal.com\/wp-content\/uploads\/2020\/06\/pubblicit\u00e0-TOR-PAL-su-investor-07-11-13-1024x724-1-600x424.jpg 600w, https:\/\/www.cursal.com\/wp-content\/uploads\/2020\/06\/pubblicit\u00e0-TOR-PAL-su-investor-07-11-13-1024x724-1-768x543.jpg 768w, https:\/\/www.cursal.com\/wp-content\/uploads\/2020\/06\/pubblicit\u00e0-TOR-PAL-su-investor-07-11-13-1024x724-1-250x177.jpg 250w\" sizes=\"auto, (max-width: 179px) 100vw, 179px\" \/><\/a><\/p>\n<p><b><span style=\"color: #ff0000;\">INVESTOR Noviembre 2013<\/span><\/b><\/p>\n<p>Descarga el <a href=\"https:\/\/www.cursal.com\/wp-content\/uploads\/2020\/06\/pubblicit\u00e0-TOR-PAL-su-investor-07-11-13-1024x724-1.jpg\" target=\"_blank\" data-rel=\"lightbox-gallery-0\" data-rl_title=\"\" data-rl_caption=\"\" title=\"\">pdf<\/a> del art\u00edculo<\/p>\n","protected":false},"excerpt":{"rendered":"<p>La historia de Cursal en Xylexpo XYLON INTERNATIONAL Septiembre\/Octubre Descarga el pdf del art\u00edculo &nbsp; &nbsp; &nbsp; &nbsp; &nbsp; &nbsp; Cursal en Suecia con GLF Group XYLON INTERNATIONAL Mayo\/Junio Descarga el pdf del art\u00edculo &nbsp; &nbsp; &nbsp; &nbsp; &nbsp; &nbsp; Cursal s.r.l est\u00e1 siempre dispuesta a &#8220;pedalear&#8221; codo con codo con los clubes deportivos locales [&hellip;]<\/p>\n","protected":false},"author":2,"featured_media":0,"parent":3812,"menu_order":0,"comment_status":"closed","ping_status":"closed","template":"","meta":{"footnotes":""},"class_list":["post-3816","page","type-page","status-publish","hentry"],"_links":{"self":[{"href":"https:\/\/www.cursal.com\/index.php?rest_route=\/wp\/v2\/pages\/3816","targetHints":{"allow":["GET"]}}],"collection":[{"href":"https:\/\/www.cursal.com\/index.php?rest_route=\/wp\/v2\/pages"}],"about":[{"href":"https:\/\/www.cursal.com\/index.php?rest_route=\/wp\/v2\/types\/page"}],"author":[{"embeddable":true,"href":"https:\/\/www.cursal.com\/index.php?rest_route=\/wp\/v2\/users\/2"}],"replies":[{"embeddable":true,"href":"https:\/\/www.cursal.com\/index.php?rest_route=%2Fwp%2Fv2%2Fcomments&post=3816"}],"version-history":[{"count":49,"href":"https:\/\/www.cursal.com\/index.php?rest_route=\/wp\/v2\/pages\/3816\/revisions"}],"predecessor-version":[{"id":63131,"href":"https:\/\/www.cursal.com\/index.php?rest_route=\/wp\/v2\/pages\/3816\/revisions\/63131"}],"up":[{"embeddable":true,"href":"https:\/\/www.cursal.com\/index.php?rest_route=\/wp\/v2\/pages\/3812"}],"wp:attachment":[{"href":"https:\/\/www.cursal.com\/index.php?rest_route=%2Fwp%2Fv2%2Fmedia&parent=3816"}],"curies":[{"name":"wp","href":"https:\/\/api.w.org\/{rel}","templated":true}]}}