{"id":2863,"date":"2016-05-26T16:54:47","date_gmt":"2016-05-26T14:54:47","guid":{"rendered":"http:\/\/dm2cu1.cursal.it\/?page_id=2863"},"modified":"2017-02-09T14:34:04","modified_gmt":"2017-02-09T13:34:04","slug":"espace-prive","status":"publish","type":"page","link":"https:\/\/www.cursal.com\/?page_id=2863&lang=fr","title":{"rendered":"ESPACE PRIVE"},"content":{"rendered":"<p>Pour acc\u00e9der \u00e0 notre espace priv\u00e9 vous devez <a href=\"http:\/\/www.cursal.com\/wp-login.php?action=register\">enregistrer<\/a><\/p>\n<p>Si vous \u00eates d\u00e9j\u00e0 enregistr\u00e9 <a href=\"http:\/\/www.cursal.com\/wp-login.php\">connecter<\/a><\/p>\n<p><a title=\"Download\" href=\"http:\/\/www.cursal.com\/?page_id=542\">T\u00c9L\u00c9CHARGER LES FILES<\/a><\/p>\n","protected":false},"excerpt":{"rendered":"<p>Pour acc\u00e9der \u00e0 notre espace priv\u00e9 vous devez enregistrer Si vous \u00eates d\u00e9j\u00e0 enregistr\u00e9 connecter T\u00c9L\u00c9CHARGER LES FILES<\/p>\n","protected":false},"author":2,"featured_media":0,"parent":2854,"menu_order":0,"comment_status":"closed","ping_status":"closed","template":"","meta":{"footnotes":""},"class_list":["post-2863","page","type-page","status-publish","hentry"],"_links":{"self":[{"href":"https:\/\/www.cursal.com\/index.php?rest_route=\/wp\/v2\/pages\/2863","targetHints":{"allow":["GET"]}}],"collection":[{"href":"https:\/\/www.cursal.com\/index.php?rest_route=\/wp\/v2\/pages"}],"about":[{"href":"https:\/\/www.cursal.com\/index.php?rest_route=\/wp\/v2\/types\/page"}],"author":[{"embeddable":true,"href":"https:\/\/www.cursal.com\/index.php?rest_route=\/wp\/v2\/users\/2"}],"replies":[{"embeddable":true,"href":"https:\/\/www.cursal.com\/index.php?rest_route=%2Fwp%2Fv2%2Fcomments&post=2863"}],"version-history":[{"count":2,"href":"https:\/\/www.cursal.com\/index.php?rest_route=\/wp\/v2\/pages\/2863\/revisions"}],"predecessor-version":[{"id":5141,"href":"https:\/\/www.cursal.com\/index.php?rest_route=\/wp\/v2\/pages\/2863\/revisions\/5141"}],"up":[{"embeddable":true,"href":"https:\/\/www.cursal.com\/index.php?rest_route=\/wp\/v2\/pages\/2854"}],"wp:attachment":[{"href":"https:\/\/www.cursal.com\/index.php?rest_route=%2Fwp%2Fv2%2Fmedia&parent=2863"}],"curies":[{"name":"wp","href":"https:\/\/api.w.org\/{rel}","templated":true}]}}