{"id":27878,"date":"2019-12-05T09:22:01","date_gmt":"2019-12-05T08:22:01","guid":{"rendered":"https:\/\/www.cursal.com\/?page_id=27878"},"modified":"2024-02-08T16:23:41","modified_gmt":"2024-02-08T15:23:41","slug":"welfare","status":"publish","type":"page","link":"https:\/\/www.cursal.com\/?page_id=27878&lang=de","title":{"rendered":"CURSAL WELFARE"},"content":{"rendered":"<h1>Cursal und das Welfare: Ein Konkreter Einsatz f\u00fcr das Wohlergehen unserer Mitarbeiter<\/h1>\n<p><a  href=\"https:\/\/www.cursal.com\/wp-content\/uploads\/2024\/02\/Cursal-welfare.jpg\" data-rel=\"lightbox-gallery-0\" data-rl_title=\"\" data-rl_caption=\"\" title=\"\"><img loading=\"lazy\" decoding=\"async\" class=\"alignleft size-medium wp-image-64612\" src=\"https:\/\/www.cursal.com\/wp-content\/uploads\/2024\/02\/Cursal-welfare-600x396.jpg\" alt=\"\" width=\"600\" height=\"396\" srcset=\"https:\/\/www.cursal.com\/wp-content\/uploads\/2024\/02\/Cursal-welfare-600x396.jpg 600w, https:\/\/www.cursal.com\/wp-content\/uploads\/2024\/02\/Cursal-welfare-1030x680.jpg 1030w, https:\/\/www.cursal.com\/wp-content\/uploads\/2024\/02\/Cursal-welfare-768x507.jpg 768w, https:\/\/www.cursal.com\/wp-content\/uploads\/2024\/02\/Cursal-welfare-1536x1015.jpg 1536w, https:\/\/www.cursal.com\/wp-content\/uploads\/2024\/02\/Cursal-welfare-1500x991.jpg 1500w, https:\/\/www.cursal.com\/wp-content\/uploads\/2024\/02\/Cursal-welfare-705x466.jpg 705w, https:\/\/www.cursal.com\/wp-content\/uploads\/2024\/02\/Cursal-welfare-450x297.jpg 450w, https:\/\/www.cursal.com\/wp-content\/uploads\/2024\/02\/Cursal-welfare-1320x872.jpg 1320w, https:\/\/www.cursal.com\/wp-content\/uploads\/2024\/02\/Cursal-welfare.jpg 2048w\" sizes=\"auto, (max-width: 600px) 100vw, 600px\" \/><\/a>Wir freuen uns, unser kontinuierliches Engagement zu teilen, um das Wohlbefinden unserer herausragenden Mitarbeiter hier bei Cursal zu gew\u00e4hrleisten!<\/p>\n<p>Bereits im vierten Jahr arbeiten wir leidenschaftlich daran, unser betriebliches Welfare-Programm zu st\u00e4rken und allen Mitgliedern unseres Teams eine Vielzahl wertvoller Vorteile anzubieten.<\/p>\n<p>Wir sind fest davon \u00fcberzeugt, dass ein gl\u00fcckliches und gesundes Team der wahre Motor des Unternehmenserfolgs ist. Aus diesem Grund bieten wir eine Vielzahl von Leistungen an, darunter hochwertige Gesundheitsdienstleistungen, ma\u00dfgeschneiderte Programme zur beruflichen Entwicklung, Unterst\u00fctzung f\u00fcr Familien und vieles mehr.<\/p>\n<p>Unser Ziel ist es, eine positive und anregende Arbeitsumgebung zu schaffen, in der sich jeder Einzelne gesch\u00e4tzt, unterst\u00fctzt und inspiriert f\u00fchlt, sein Bestes zu geben.<\/p>\n<p>Gemeinsam gestalten wir eine bessere Zukunft f\u00fcr uns alle hier bei Cursal. Vielen Dank, dass Sie Teil dieser Mission sind!<\/p>\n","protected":false},"excerpt":{"rendered":"<p>Cursal und das Welfare: Ein Konkreter Einsatz f\u00fcr das Wohlergehen unserer Mitarbeiter Wir freuen uns, unser kontinuierliches Engagement zu teilen, um das Wohlbefinden unserer herausragenden Mitarbeiter hier bei Cursal zu gew\u00e4hrleisten! Bereits im vierten Jahr arbeiten wir leidenschaftlich daran, unser betriebliches Welfare-Programm zu st\u00e4rken und allen Mitgliedern unseres Teams eine Vielzahl wertvoller Vorteile anzubieten. Wir [&hellip;]<\/p>\n","protected":false},"author":2,"featured_media":0,"parent":0,"menu_order":0,"comment_status":"closed","ping_status":"closed","template":"","meta":{"footnotes":""},"class_list":["post-27878","page","type-page","status-publish","hentry"],"_links":{"self":[{"href":"https:\/\/www.cursal.com\/index.php?rest_route=\/wp\/v2\/pages\/27878","targetHints":{"allow":["GET"]}}],"collection":[{"href":"https:\/\/www.cursal.com\/index.php?rest_route=\/wp\/v2\/pages"}],"about":[{"href":"https:\/\/www.cursal.com\/index.php?rest_route=\/wp\/v2\/types\/page"}],"author":[{"embeddable":true,"href":"https:\/\/www.cursal.com\/index.php?rest_route=\/wp\/v2\/users\/2"}],"replies":[{"embeddable":true,"href":"https:\/\/www.cursal.com\/index.php?rest_route=%2Fwp%2Fv2%2Fcomments&post=27878"}],"version-history":[{"count":4,"href":"https:\/\/www.cursal.com\/index.php?rest_route=\/wp\/v2\/pages\/27878\/revisions"}],"predecessor-version":[{"id":64619,"href":"https:\/\/www.cursal.com\/index.php?rest_route=\/wp\/v2\/pages\/27878\/revisions\/64619"}],"wp:attachment":[{"href":"https:\/\/www.cursal.com\/index.php?rest_route=%2Fwp%2Fv2%2Fmedia&parent=27878"}],"curies":[{"name":"wp","href":"https:\/\/api.w.org\/{rel}","templated":true}]}}